{"id":3,"date":"2020-04-06T16:26:43","date_gmt":"2020-04-06T16:26:43","guid":{"rendered":"http:\/\/clubesiriolibanesdoparana.com.br\/?page_id=3"},"modified":"2020-04-07T18:30:35","modified_gmt":"2020-04-07T21:30:35","slug":"privacy-policy","status":"publish","type":"page","link":"https:\/\/clubesiriolibanesdoparana.com.br\/?page_id=3","title":{"rendered":"Pol\u00edtica de Privacidade"},"content":{"rendered":"\n<h2 class=\"wp-block-heading\">Quem somos<\/h2>\n\n\n\n<p>Somos o Clube S\u00edrio Liban\u00eas do Paran\u00e1, CNPJ 76.708.346\/0001-00, situado em Curitiba &#8211; PR<\/p>\n\n\n\n<h2 class=\"wp-block-heading\">Quais dados pessoais s\u00e3o coletados<\/h2>\n\n\n\n<h3 class=\"wp-block-heading\">Pagamento de Mensalidades<\/h3>\n\n\n\n<p>Ao realizar o pagamento de mensalidades atrav\u00e9s do site, s\u00e3o solicitados dados como nome completo, n\u00famero de t\u00edtulo, telefone, e-mail e endere\u00e7o. Os preenchimentos do nome, telefone e e-mail s\u00e3o obrigat\u00f3rios para prosseguir com o pagamento. O site \u00e9 criptografado e os seus dados s\u00e3o enviados apenas para a secretaria do clube, que n\u00e3o publicar\u00e1 nem compartilhar\u00e1 seus dados.<\/p>\n\n\n\n<p>Os pagamentos s\u00e3o feitos exclusivamente pelo canal PagSeguro. Este canal possui seus pr\u00f3prios mecanismos de seguran\u00e7a. Ao fornecer n\u00famero do cart\u00e3o de cr\u00e9dito ou dados para emiss\u00e3o de boleto, estas informa\u00e7\u00f5es s\u00e3o encaminhadas diretamente ao PagSeguro e n\u00e3o ficam armazenadas em nossos sistemas. Nosso site conta com criptografia por meio da tecnologia SSL, o que protege as informa\u00e7\u00f5es enviadas nos formul\u00e1rios do site.<\/p>\n","protected":false},"excerpt":{"rendered":"<p>Quem somos Somos o Clube S\u00edrio Liban\u00eas do Paran\u00e1, CNPJ 76.708.346\/0001-00, situado em Curitiba &#8211; PR Quais dados pessoais s\u00e3o coletados Pagamento de Mensalidades Ao realizar o pagamento de mensalidades atrav\u00e9s do site, s\u00e3o solicitados dados como nome completo, n\u00famero de t\u00edtulo, telefone, e-mail e endere\u00e7o. Os preenchimentos do nome, telefone e e-mail s\u00e3o obrigat\u00f3rios &hellip;<\/p>\n<p class=\"read-more\"> <a class=\"\" href=\"https:\/\/clubesiriolibanesdoparana.com.br\/?page_id=3\"> <span class=\"screen-reader-text\">Pol\u00edtica de Privacidade<\/span> Leia mais &raquo;<\/a><\/p>\n","protected":false},"author":1,"featured_media":0,"parent":0,"menu_order":0,"comment_status":"closed","ping_status":"open","template":"","meta":{"footnotes":""},"_links":{"self":[{"href":"https:\/\/clubesiriolibanesdoparana.com.br\/index.php?rest_route=\/wp\/v2\/pages\/3"}],"collection":[{"href":"https:\/\/clubesiriolibanesdoparana.com.br\/index.php?rest_route=\/wp\/v2\/pages"}],"about":[{"href":"https:\/\/clubesiriolibanesdoparana.com.br\/index.php?rest_route=\/wp\/v2\/types\/page"}],"author":[{"embeddable":true,"href":"https:\/\/clubesiriolibanesdoparana.com.br\/index.php?rest_route=\/wp\/v2\/users\/1"}],"replies":[{"embeddable":true,"href":"https:\/\/clubesiriolibanesdoparana.com.br\/index.php?rest_route=%2Fwp%2Fv2%2Fcomments&post=3"}],"version-history":[{"count":0,"href":"https:\/\/clubesiriolibanesdoparana.com.br\/index.php?rest_route=\/wp\/v2\/pages\/3\/revisions"}],"wp:attachment":[{"href":"https:\/\/clubesiriolibanesdoparana.com.br\/index.php?rest_route=%2Fwp%2Fv2%2Fmedia&parent=3"}],"curies":[{"name":"wp","href":"https:\/\/api.w.org\/{rel}","templated":true}]}}