{"id":17,"date":"2019-01-23T06:32:08","date_gmt":"2019-01-23T06:32:08","guid":{"rendered":"http:\/\/clubesiriolibanesdoparana.com.br\/?page_id=17"},"modified":"2024-12-28T09:35:43","modified_gmt":"2024-12-28T12:35:43","slug":"contact-us","status":"publish","type":"page","link":"https:\/\/clubesiriolibanesdoparana.com.br\/?page_id=17","title":{"rendered":"Contact Us"},"content":{"rendered":"\t\t<div data-elementor-type=\"wp-post\" data-elementor-id=\"17\" class=\"elementor elementor-17\" data-elementor-settings=\"[]\">\n\t\t\t<div class=\"elementor-inner\">\n\t\t\t\t<div class=\"elementor-section-wrap\">\n\t\t\t\t\t\t\t<section class=\"elementor-element elementor-element-f327e5f elementor-section-height-min-height elementor-section-content-middle elementor-section-boxed elementor-section-height-default elementor-section-items-middle elementor-section elementor-top-section\" data-id=\"f327e5f\" data-element_type=\"section\" data-settings=\"{&quot;background_background&quot;:&quot;classic&quot;}\">\n\t\t\t\t\t\t\t<div class=\"elementor-background-overlay\"><\/div>\n\t\t\t\t\t\t\t<div class=\"elementor-container elementor-column-gap-default\">\n\t\t\t\t<div class=\"elementor-row\">\n\t\t\t\t<div class=\"elementor-element elementor-element-1ed70b3 elementor-column elementor-col-100 elementor-top-column\" data-id=\"1ed70b3\" data-element_type=\"column\">\n\t\t\t<div class=\"elementor-column-wrap  elementor-element-populated\">\n\t\t\t\t\t<div class=\"elementor-widget-wrap\">\n\t\t\t\t<div class=\"elementor-element elementor-element-c2c7ca9 elementor-widget elementor-widget-heading\" data-id=\"c2c7ca9\" data-element_type=\"widget\" data-widget_type=\"heading.default\">\n\t\t\t\t<div class=\"elementor-widget-container\">\n\t\t\t<h1 class=\"elementor-heading-title elementor-size-default\">Contate-nos<\/h1>\t\t<\/div>\n\t\t\t\t<\/div>\n\t\t\t\t<div class=\"elementor-element elementor-element-f53ff2f elementor-widget elementor-widget-text-editor\" data-id=\"f53ff2f\" data-element_type=\"widget\" data-widget_type=\"text-editor.default\">\n\t\t\t\t<div class=\"elementor-widget-container\">\n\t\t\t\t\t<div class=\"elementor-text-editor elementor-clearfix\"><p>Estamos \u00e0 disposi\u00e7\u00e3o para atend\u00ea-lo<\/p><\/div>\n\t\t\t\t<\/div>\n\t\t\t\t<\/div>\n\t\t\t\t\t\t<\/div>\n\t\t\t<\/div>\n\t\t<\/div>\n\t\t\t\t\t\t<\/div>\n\t\t\t<\/div>\n\t\t<\/section>\n\t\t\t\t<section class=\"elementor-element elementor-element-dc9c250 elementor-section-content-middle elementor-section-height-min-height elementor-section-boxed elementor-section-height-default elementor-section-items-middle elementor-section elementor-top-section\" data-id=\"dc9c250\" data-element_type=\"section\" data-settings=\"{&quot;background_background&quot;:&quot;classic&quot;}\">\n\t\t\t\t\t\t<div class=\"elementor-container elementor-column-gap-default\">\n\t\t\t\t<div class=\"elementor-row\">\n\t\t\t\t<div class=\"elementor-element elementor-element-3f5ac59 elementor-column elementor-col-100 elementor-top-column\" data-id=\"3f5ac59\" data-element_type=\"column\" data-settings=\"{&quot;background_background&quot;:&quot;classic&quot;}\">\n\t\t\t<div class=\"elementor-column-wrap  elementor-element-populated\">\n\t\t\t\t\t<div class=\"elementor-widget-wrap\">\n\t\t\t\t<section class=\"elementor-element elementor-element-199fdd5 elementor-section-content-top elementor-section-boxed elementor-section-height-default elementor-section-height-default elementor-section elementor-inner-section\" data-id=\"199fdd5\" data-element_type=\"section\">\n\t\t\t\t\t\t<div class=\"elementor-container elementor-column-gap-default\">\n\t\t\t\t<div class=\"elementor-row\">\n\t\t\t\t<div class=\"elementor-element elementor-element-7f14bed elementor-column elementor-col-33 elementor-inner-column\" data-id=\"7f14bed\" data-element_type=\"column\">\n\t\t\t<div class=\"elementor-column-wrap  elementor-element-populated\">\n\t\t\t\t\t<div class=\"elementor-widget-wrap\">\n\t\t\t\t<div class=\"elementor-element elementor-element-38ef3c0 elementor-view-default elementor-widget elementor-widget-icon\" data-id=\"38ef3c0\" data-element_type=\"widget\" data-widget_type=\"icon.default\">\n\t\t\t\t<div class=\"elementor-widget-container\">\n\t\t\t\t\t<div class=\"elementor-icon-wrapper\">\n\t\t\t<div class=\"elementor-icon\">\n\t\t\t\t\t\t\t<i class=\"fa fa-map-marker\" aria-hidden=\"true\"><\/i>\n\t\t\t\t\t\t<\/div>\n\t\t<\/div>\n\t\t\t\t<\/div>\n\t\t\t\t<\/div>\n\t\t\t\t<div class=\"elementor-element elementor-element-5376402 elementor-widget elementor-widget-heading\" data-id=\"5376402\" data-element_type=\"widget\" data-widget_type=\"heading.default\">\n\t\t\t\t<div class=\"elementor-widget-container\">\n\t\t\t<h6 class=\"elementor-heading-title elementor-size-default\">Estrada das Olarias 552<br>Atuba<br>CURITIBA- PR<\/h6>\t\t<\/div>\n\t\t\t\t<\/div>\n\t\t\t\t\t\t<\/div>\n\t\t\t<\/div>\n\t\t<\/div>\n\t\t\t\t<div class=\"elementor-element elementor-element-9799d0d elementor-column elementor-col-33 elementor-inner-column\" data-id=\"9799d0d\" data-element_type=\"column\">\n\t\t\t<div class=\"elementor-column-wrap  elementor-element-populated\">\n\t\t\t\t\t<div class=\"elementor-widget-wrap\">\n\t\t\t\t<div class=\"elementor-element elementor-element-4d4a16d elementor-view-default elementor-widget elementor-widget-icon\" data-id=\"4d4a16d\" data-element_type=\"widget\" data-widget_type=\"icon.default\">\n\t\t\t\t<div class=\"elementor-widget-container\">\n\t\t\t\t\t<div class=\"elementor-icon-wrapper\">\n\t\t\t<div class=\"elementor-icon\">\n\t\t\t\t\t\t\t<i class=\"fa fa-phone\" aria-hidden=\"true\"><\/i>\n\t\t\t\t\t\t<\/div>\n\t\t<\/div>\n\t\t\t\t<\/div>\n\t\t\t\t<\/div>\n\t\t\t\t<div class=\"elementor-element elementor-element-4a768f2 elementor-widget elementor-widget-heading\" data-id=\"4a768f2\" data-element_type=\"widget\" data-widget_type=\"heading.default\">\n\t\t\t\t<div class=\"elementor-widget-container\">\n\t\t\t<h6 class=\"elementor-heading-title elementor-size-default\"><a href=\"#\"><p>PORTARIA:<br>Reservas, informa\u00e7\u00f5es sobre a programa\u00e7\u00e3o e opera\u00e7\u00e3o do Clube: <strong>(41) 3238-3873<\/strong><br>Hor\u00e1rio de atendimento da portaria: Ter\u00e7a a Sexta das 10 \u00e0s 22 horas, s\u00e1bados e domingos das 9 \u00e0s 18 horas.<\/p><p>SECRETARIA: (Somente Whatsapp):<br>Informa\u00e7\u00f5es financeiras, atualiza\u00e7\u00e3o cadastral, novas aquisi\u00e7\u00f5es, solicita\u00e7\u00e3o de carteirinhas, reclama\u00e7\u00f5es, assuntos administrativos:&nbsp;&nbsp;\n<strong>+55 41 9294-1826<br><\/strong><\/p><span style=\"font-size: 15px;\">Hor\u00e1rio de atendimento da secretaria: Segunda a Sexta das 9 \u00e0s 18 horas (Somente por Whatsapp) <\/span><strong style=\"font-size: 15px;\">A secretaria n\u00e3o atende reservas de churrasqueiras, somente a portaria.<\/strong><\/a><\/h6>\t\t<\/div>\n\t\t\t\t<\/div>\n\t\t\t\t\t\t<\/div>\n\t\t\t<\/div>\n\t\t<\/div>\n\t\t\t\t<div class=\"elementor-element elementor-element-515b2e2 elementor-column elementor-col-33 elementor-inner-column\" data-id=\"515b2e2\" data-element_type=\"column\">\n\t\t\t<div class=\"elementor-column-wrap  elementor-element-populated\">\n\t\t\t\t\t<div class=\"elementor-widget-wrap\">\n\t\t\t\t<div class=\"elementor-element elementor-element-42a7a5e elementor-view-default elementor-widget elementor-widget-icon\" data-id=\"42a7a5e\" data-element_type=\"widget\" data-widget_type=\"icon.default\">\n\t\t\t\t<div class=\"elementor-widget-container\">\n\t\t\t\t\t<div class=\"elementor-icon-wrapper\">\n\t\t\t<div class=\"elementor-icon\">\n\t\t\t\t\t\t\t<i class=\"fa fa-envelope\" aria-hidden=\"true\"><\/i>\n\t\t\t\t\t\t<\/div>\n\t\t<\/div>\n\t\t\t\t<\/div>\n\t\t\t\t<\/div>\n\t\t\t\t<div class=\"elementor-element elementor-element-7f138ad elementor-widget elementor-widget-heading\" data-id=\"7f138ad\" data-element_type=\"widget\" data-widget_type=\"heading.default\">\n\t\t\t\t<div class=\"elementor-widget-container\">\n\t\t\t<h6 class=\"elementor-heading-title elementor-size-small\">secretaria@clubesiriolibanesdoparana.com.br<\/h6>\t\t<\/div>\n\t\t\t\t<\/div>\n\t\t\t\t\t\t<\/div>\n\t\t\t<\/div>\n\t\t<\/div>\n\t\t\t\t\t\t<\/div>\n\t\t\t<\/div>\n\t\t<\/section>\n\t\t\t\t\t\t<\/div>\n\t\t\t<\/div>\n\t\t<\/div>\n\t\t\t\t\t\t<\/div>\n\t\t\t<\/div>\n\t\t<\/section>\n\t\t\t\t\t\t<\/div>\n\t\t\t<\/div>\n\t\t<\/div>\n\t\t","protected":false},"excerpt":{"rendered":"<p>Contate-nos Estamos \u00e0 disposi\u00e7\u00e3o para atend\u00ea-lo Estrada das Olarias 552AtubaCURITIBA- PR PORTARIA:Reservas, informa\u00e7\u00f5es sobre a programa\u00e7\u00e3o e opera\u00e7\u00e3o do Clube: (41) 3238-3873Hor\u00e1rio de atendimento da portaria: Ter\u00e7a a Sexta das 10 \u00e0s 22 horas, s\u00e1bados e domingos das 9 \u00e0s 18 horas. SECRETARIA: (Somente Whatsapp):Informa\u00e7\u00f5es financeiras, atualiza\u00e7\u00e3o cadastral, novas aquisi\u00e7\u00f5es, solicita\u00e7\u00e3o de carteirinhas, reclama\u00e7\u00f5es, assuntos &hellip;<\/p>\n<p class=\"read-more\"> <a class=\"\" href=\"https:\/\/clubesiriolibanesdoparana.com.br\/?page_id=17\"> <span class=\"screen-reader-text\">Contact Us<\/span> Leia mais &raquo;<\/a><\/p>\n","protected":false},"author":0,"featured_media":0,"parent":0,"menu_order":0,"comment_status":"closed","ping_status":"closed","template":"","meta":{"footnotes":""},"_links":{"self":[{"href":"https:\/\/clubesiriolibanesdoparana.com.br\/index.php?rest_route=\/wp\/v2\/pages\/17"}],"collection":[{"href":"https:\/\/clubesiriolibanesdoparana.com.br\/index.php?rest_route=\/wp\/v2\/pages"}],"about":[{"href":"https:\/\/clubesiriolibanesdoparana.com.br\/index.php?rest_route=\/wp\/v2\/types\/page"}],"replies":[{"embeddable":true,"href":"https:\/\/clubesiriolibanesdoparana.com.br\/index.php?rest_route=%2Fwp%2Fv2%2Fcomments&post=17"}],"version-history":[{"count":4,"href":"https:\/\/clubesiriolibanesdoparana.com.br\/index.php?rest_route=\/wp\/v2\/pages\/17\/revisions"}],"predecessor-version":[{"id":1290,"href":"https:\/\/clubesiriolibanesdoparana.com.br\/index.php?rest_route=\/wp\/v2\/pages\/17\/revisions\/1290"}],"wp:attachment":[{"href":"https:\/\/clubesiriolibanesdoparana.com.br\/index.php?rest_route=%2Fwp%2Fv2%2Fmedia&parent=17"}],"curies":[{"name":"wp","href":"https:\/\/api.w.org\/{rel}","templated":true}]}}