{"id":16,"date":"2019-01-23T06:31:53","date_gmt":"2019-01-23T06:31:53","guid":{"rendered":"http:\/\/clubesiriolibanesdoparana.com.br\/?page_id=16"},"modified":"2023-11-12T00:27:17","modified_gmt":"2023-11-12T03:27:17","slug":"store","status":"publish","type":"page","link":"https:\/\/clubesiriolibanesdoparana.com.br\/?page_id=16","title":{"rendered":"Store"},"content":{"rendered":"\n<p class=\"has-text-color has-vivid-cyan-blue-color\"><strong>Em at\u00e9 1 dia \u00fatil ap\u00f3s a confirma\u00e7\u00e3o do pagamento, a secretaria do clube enviar\u00e1 um e-mail confirmando o processamento do pagamento e informando quais meses foram quitados. Se tiver d\u00favidas sobre sua situa\u00e7\u00e3o financeira no clube, consulte a secretaria no telefone (41) 3238-3873.<\/strong><\/p>\n","protected":false},"excerpt":{"rendered":"<p>Em at\u00e9 1 dia \u00fatil ap\u00f3s a confirma\u00e7\u00e3o do pagamento, a secretaria do clube enviar\u00e1 um e-mail confirmando o processamento do pagamento e informando quais meses foram quitados. Se tiver d\u00favidas sobre sua situa\u00e7\u00e3o financeira no clube, consulte a secretaria no telefone (41) 3238-3873.<\/p>\n","protected":false},"author":1,"featured_media":0,"parent":0,"menu_order":0,"comment_status":"closed","ping_status":"closed","template":"","meta":{"footnotes":""},"_links":{"self":[{"href":"https:\/\/clubesiriolibanesdoparana.com.br\/index.php?rest_route=\/wp\/v2\/pages\/16"}],"collection":[{"href":"https:\/\/clubesiriolibanesdoparana.com.br\/index.php?rest_route=\/wp\/v2\/pages"}],"about":[{"href":"https:\/\/clubesiriolibanesdoparana.com.br\/index.php?rest_route=\/wp\/v2\/types\/page"}],"author":[{"embeddable":true,"href":"https:\/\/clubesiriolibanesdoparana.com.br\/index.php?rest_route=\/wp\/v2\/users\/1"}],"replies":[{"embeddable":true,"href":"https:\/\/clubesiriolibanesdoparana.com.br\/index.php?rest_route=%2Fwp%2Fv2%2Fcomments&post=16"}],"version-history":[{"count":2,"href":"https:\/\/clubesiriolibanesdoparana.com.br\/index.php?rest_route=\/wp\/v2\/pages\/16\/revisions"}],"predecessor-version":[{"id":1212,"href":"https:\/\/clubesiriolibanesdoparana.com.br\/index.php?rest_route=\/wp\/v2\/pages\/16\/revisions\/1212"}],"wp:attachment":[{"href":"https:\/\/clubesiriolibanesdoparana.com.br\/index.php?rest_route=%2Fwp%2Fv2%2Fmedia&parent=16"}],"curies":[{"name":"wp","href":"https:\/\/api.w.org\/{rel}","templated":true}]}}