{"id":1040,"date":"2020-09-25T12:00:47","date_gmt":"2020-09-25T15:00:47","guid":{"rendered":"https:\/\/clubesiriolibanesdoparana.com.br\/?page_id=1040"},"modified":"2025-11-11T13:36:18","modified_gmt":"2025-11-11T16:36:18","slug":"proposta-simplificada-para-adesao-de-socio-contribuinte","status":"publish","type":"page","link":"https:\/\/clubesiriolibanesdoparana.com.br\/?page_id=1040","title":{"rendered":"Informa\u00e7\u00f5es para Ades\u00e3o"},"content":{"rendered":"\n<p><strong>S\u00f3cio Contribuinte:<\/strong><\/p>\n\n\n\n<p>-O Valor da Taxa de Ades\u00e3o \u00e9 de R$1.200,00. Este valor n\u00e3o inclui mensalidades, sendo necess\u00e1rio o pagamento das mensalidades de R$200,00 at\u00e9 o dia 10 de cada m\u00eas.<\/p>\n\n\n\n<p>-Este plano d\u00e1 acesso a todos os equipamentos e atividades do Clube, mas n\u00e3o permite a participa\u00e7\u00e3o nas assembleias e nos conselhos administrativos.<\/p>\n\n\n\n<p><strong>S\u00f3cio Patrimonial:<\/strong><\/p>\n\n\n\n<p>-O Valor da Taxa de Ades\u00e3o \u00e9 de R$5.000,00. Este valor n\u00e3o inclui mensalidades, sendo necess\u00e1rio o pagamento das mensalidades de R$200,00 at\u00e9 o dia 10 de cada m\u00eas.<\/p>\n\n\n\n<p>-Este plano d\u00e1 acesso a todos os equipamentos e atividades do Clube e permite a participa\u00e7\u00e3o nas assembleias e nos conselhos administrativos.<\/p>\n\n\n\n<p><strong>S\u00f3cio Ver\u00e3o<\/strong>:<\/p>\n\n\n\n<p>-O Valor da Taxa de Ades\u00e3o \u00e9 de R$1.500,00. Este valor inclui 6 mensalidades.<\/p>\n\n\n\n<p>-Este plano d\u00e1 acesso a todos os equipamentos e atividades do Clube, exceto o uso das quadras de t\u00eanis e n\u00e3o permite a participa\u00e7\u00e3o nas assembleias e nos conselhos administrativos.<\/p>\n\n\n\n<p><strong>Informa\u00e7\u00f5es comuns a todos os planos:<\/strong><\/p>\n\n\n\n<p>-O proponente fica ciente e de acordo com Estatuto Social do Clube S\u00edrio Liban\u00eas do Paran\u00e1.<\/p>\n\n\n\n<p>-O funcionamento das piscinas ocorre somente em per\u00edodo de temporada de ver\u00e3o, tradicionalmente de 15 de novembro at\u00e9 30 de abril do ano seguinte, podendo este per\u00edodo variar de acordo com a demanda e as condi\u00e7\u00f5es clim\u00e1ticas.<\/p>\n\n\n\n<p>-O pagamento de mensalidades ap\u00f3s o dia 10 gera acr\u00e9scimo no valor de R$10,00, e ap\u00f3s o t\u00e9rmino do m\u00eas mais R$10,00.<\/p>\n\n\n\n<p>-S\u00e3o considerados dependentes conforme Estatuto: C\u00f4njuge, filhos at\u00e9 18 anos, filhas solteiras de qualquer idade, pai e m\u00e3e OU sogro e sogra. Todos os dependentes devem residir no mesmo endere\u00e7o do titular.<\/p>\n\n\n\n<p>-Em caso de d\u00favidas contate a portaria do Clube no telefone (41) 3238-3873 ou a secretaria atrav\u00e9s do e-mail secretaria@clubesiriolibanesdoparana.com.br ou whatsapp (41) 99294-1826.<\/p>\n","protected":false},"excerpt":{"rendered":"<p>S\u00f3cio Contribuinte: -O Valor da Taxa de Ades\u00e3o \u00e9 de R$1.200,00. Este valor n\u00e3o inclui mensalidades, sendo necess\u00e1rio o pagamento das mensalidades de R$200,00 at\u00e9 o dia 10 de cada m\u00eas. -Este plano d\u00e1 acesso a todos os equipamentos e atividades do Clube, mas n\u00e3o permite a participa\u00e7\u00e3o nas assembleias e nos conselhos administrativos. S\u00f3cio &hellip;<\/p>\n<p class=\"read-more\"> <a class=\"\" href=\"https:\/\/clubesiriolibanesdoparana.com.br\/?page_id=1040\"> <span class=\"screen-reader-text\">Informa\u00e7\u00f5es para Ades\u00e3o<\/span> Leia mais &raquo;<\/a><\/p>\n","protected":false},"author":1,"featured_media":0,"parent":0,"menu_order":0,"comment_status":"closed","ping_status":"closed","template":"","meta":{"footnotes":""},"_links":{"self":[{"href":"https:\/\/clubesiriolibanesdoparana.com.br\/index.php?rest_route=\/wp\/v2\/pages\/1040"}],"collection":[{"href":"https:\/\/clubesiriolibanesdoparana.com.br\/index.php?rest_route=\/wp\/v2\/pages"}],"about":[{"href":"https:\/\/clubesiriolibanesdoparana.com.br\/index.php?rest_route=\/wp\/v2\/types\/page"}],"author":[{"embeddable":true,"href":"https:\/\/clubesiriolibanesdoparana.com.br\/index.php?rest_route=\/wp\/v2\/users\/1"}],"replies":[{"embeddable":true,"href":"https:\/\/clubesiriolibanesdoparana.com.br\/index.php?rest_route=%2Fwp%2Fv2%2Fcomments&post=1040"}],"version-history":[{"count":7,"href":"https:\/\/clubesiriolibanesdoparana.com.br\/index.php?rest_route=\/wp\/v2\/pages\/1040\/revisions"}],"predecessor-version":[{"id":5739,"href":"https:\/\/clubesiriolibanesdoparana.com.br\/index.php?rest_route=\/wp\/v2\/pages\/1040\/revisions\/5739"}],"wp:attachment":[{"href":"https:\/\/clubesiriolibanesdoparana.com.br\/index.php?rest_route=%2Fwp%2Fv2%2Fmedia&parent=1040"}],"curies":[{"name":"wp","href":"https:\/\/api.w.org\/{rel}","templated":true}]}}